{"id":101,"date":"2022-10-10T14:57:35","date_gmt":"2022-10-10T20:57:35","guid":{"rendered":"https:\/\/gremialdeseguridad.com\/?page_id=101"},"modified":"2025-07-08T08:57:11","modified_gmt":"2025-07-08T14:57:11","slug":"contacto","status":"publish","type":"page","link":"https:\/\/gremialdeseguridad.com.gt\/?page_id=101","title":{"rendered":"CONT\u00c1CTENOS"},"content":{"rendered":"<ul class=\"randy_columns\">\n<li class=\"randy_contacto\">\n<h3><i class=\"fa fa-bookmark-o \" ><\/i> Datos de Contacto<\/h3>\n<p>Tambi\u00e9n puede llamarnos o visitarnos en la siguiente direcci\u00f3n:<\/p>\n<ul>\n<li style=\"list-style-type: none;\">\n<ul>\n<li><strong> <i class=\"fa fa-map-marker \" ><\/i> Direcci\u00f3n <\/strong>:\u00a0 Ciudad de Guatemala<\/li>\n<li><strong> <i class=\"fa fa-phone \" ><\/i> Tel\u00e9fono<\/strong>: +502 5917-7994<\/li>\n<\/ul>\n<\/li>\n<\/ul>\n<p>        <div class=\"gmwd_container_wrapper\">            <div class=\"gmwd_container\">                <div id=\"gmwd_container_1\">                    <script>                        if(typeof gmwdmapData == 'undefined'){                            var gmwdmapData = [];                         }                                                                gmwdmapData[\"widget\" + '2'] = \"\";                                           gmwdmapData[\"mapId\" + '2'] = Number(\"2\");                                           gmwdmapData[\"centerLat\" + '2'] = Number(\"14.6054757\");                        gmwdmapData[\"centerLng\" + '2'] = Number(\"-90.5268206\");\t                        gmwdmapData[\"zoom\" + '2'] = Number(\"21\");                        gmwdmapData[\"mapType\" + '2'] = \"0\";                        gmwdmapData[\"maxZoom\" + '2'] = Number(\"22\");                        gmwdmapData[\"minZoom\" + '2'] = Number(\"2\");                        gmwdmapData[\"mapWhellScrolling\" + '2'] = Number(\"0\") == 1 ? true : false;\t\t\t\t                        gmwdmapData[\"infoWindowOpenOn\" + '2'] = \"hover\" ;\t\t\t\t                        gmwdmapData[\"mapDragable\" + '2'] = Number(\"1\") == 1 ? true : false;\t                            gmwdmapData[\"mapDbClickZoom\" + '2'] = Number(\"0\") == 1 ? true : false;\t                                                            gmwdmapData[\"enableZoomControl\" + '2'] = Number(\"1\") == 1 ? true : false;                        gmwdmapData[\"enableMapTypeControl\" + '2'] = Number(\"1\") == 1 ? true : false;\t\t\t                        gmwdmapData[\"mapTypeControlOptions\" + '2'] = {};                                                gmwdmapData[\"enableScaleControl\" + '2'] = Number(\"1\") == 1 ? true : false;                        gmwdmapData[\"enableStreetViewControl\" + '2'] = Number(\"1\") == 1 ? true : false;                        gmwdmapData[\"enableFullscreenControl\" + '2'] = Number(\"0\") == 1 ? true : false;                        gmwdmapData[\"enableRotateControl\" + '2'] = Number(\"1\") == 1 ? true : false;                        gmwdmapData[\"mapTypeControlPosition\" + '2'] = Number(\"0\");                                                gmwdmapData[\"zoomControlPosition\" + '2'] = Number(\"0\");                        gmwdmapData[\"streetViewControlPosition\" + '2'] = Number(\"0\");                                                gmwdmapData[\"fullscreenControlPosition\" + '2'] = Number(\"0\");                                                gmwdmapData[\"mapTypeControlStyle\" + '2'] = Number(\"0\");\t\t\t\t                        gmwdmapData[\"mapBorderRadius\" + '2'] = \"\";                        gmwdmapData[\"enableBykeLayer\" + '2'] =  Number(\"0\");\t                        gmwdmapData[\"enableTrafficLayer\" + '2'] =  Number(\"0\");\t\t\t\t                        gmwdmapData[\"enableTransitLayer\" + '2'] =  Number(\"0\");\t                        gmwdmapData[\"geoRSSURL\" + '2'] = \"\";\t                        gmwdmapData[\"KMLURL\" + '2'] = \"\";\t                        gmwdmapData[\"fusionTableId\" + '2'] = '';\t                                        gmwdmapData[\"mapTheme\" + '2'] = '';\t\t\t                        gmwdmapData[\"mapMarkers\" + '2'] = JSON.parse('{\"11\":{\"id\":\"11\",\"map_id\":\"2\",\"lat\":\"14.605419896019795\",\"lng\":\"-90.52678707238731\",\"category\":\"0\",\"title\":\"Gremial de Compa\\u00f1\\u00edas de Seguridad Privada\",\"address\":\"10 Calle 0-38, Cdad. de Guatemala 01009, Guatemala\",\"animation\":\"BOUNCE\",\"enable_info_window\":\"1\",\"info_window_open\":\"0\",\"marker_size\":\"32\",\"custom_marker_url\":\"\",\"choose_marker_icon\":\"1\",\"description\":\"\",\"link_url\":\"\",\"pic_url\":\"\",\"published\":\"1\"}}');                        gmwdmapData[\"mapPolygons\" + '2'] =  JSON.parse('{\"3\":{\"id\":\"3\",\"map_id\":\"2\",\"title\":\"V.I.P. Security, S.A.\",\"link\":\"\",\"line_width\":\"2\",\"line_color\":\"000000\",\"line_opacity\":\"0.8\",\"fill_color\":\"FFFF12\",\"fill_opacity\":\"0.3\",\"line_color_hover\":\"000000\",\"line_opacity_hover\":\"0.9\",\"fill_color_hover\":\"FF0000\",\"fill_opacity_hover\":\"0.4\",\"data\":\"(14.605448558422019, -90.52681925889549),(14.605447260655026, -90.52678170796928),(14.60540443434034, -90.52677969631252),(14.605405732107588, -90.52681724723),\",\"show_markers\":\"1\",\"enable_info_windows\":\"0\",\"published\":\"1\"}}');                        gmwdmapData[\"mapPolylines\" + '2'] = JSON.parse('[]');                                                gmwdmapData[\"enableCategoryFilter\" + '2'] = \"0\";                                                gmwdmapData[\"enableDirections\" + '2'] = \"0\";                        gmwdmapData[\"enableStoreLocatior\" + '2'] = \"0\";                        gmwdmapData[\"storeLocatorDistanceIn\" + '2'] = \"km\";                                                gmwdmapData[\"storeLocatorStrokeWidth\" + '2'] = Number(\"2\");                        gmwdmapData[\"storeLocatorFillColor\" + '2'] = \"#\" + \"7FDF16\";                        gmwdmapData[\"storeLocatorFillOpacity\" + '2'] = Number(\"0.3\");                        gmwdmapData[\"storeLocatorLineColor\" + '2'] = \"#\" + \"000\";                        gmwdmapData[\"storeLocatorLineOpacity\" + '2'] = Number(\"0.6\");                                                gmwdmapData[\"markerListingType\" + '2'] = \"0\";                        gmwdmapData[\"markerListInsideMap\" + '2'] = \"0\";                        gmwdmapData[\"markerListPosition\" + '2'] = Number(\"0\");                        gmwdmapData[\"infoWindowInfo\" + '2'] = \"title\";                        gmwdmapData[\"advancedInfoWindowPosition\" + '2'] = Number(\"10\");                        gmwdmapData[\"geolocateUser\" + '2'] = Number(\"0\");                        gmwdmapData[\"items\" + '2'] = \"3\";                                                gmwdmapData[\"enableSerchBox\" + '2'] = \"0\";                        gmwdmapData[\"serchBoxPosition\" + '2'] = Number(\"3\");                                                gmwdmapData[\"allMarkers\" + '2'] = [];                               gmwdmapData[\"allPolygons\" + '2'] = [];                        gmwdmapData[\"allPolygonMarkers\" + '2'] = [];                        gmwdmapData[\"allPolylines\" + '2'] = [];                        gmwdmapData[\"allPolylineMarkers\" + '2'] = [];                        gmwdmapData[\"infoWindows\" + '2'] = [];                        gmwdmapData[\"ajaxData\" + '2']  = {};                                                var ajaxURL = \"https:\/\/gremialdeseguridad.com\/wp-admin\/admin-ajax.php\";                        var markerDefaultIcon = \"\";                        var GMWD_URL = \"https:\/\/gremialdeseguridad.com\/wp-content\/plugins\/wd-google-maps\";                        jQuery( document ).ready(function() {\t\t\t\t\t                            gmwdInitMainMap(\"wd-map2\",false, '2');                            gmwdReadyFunction('2');                        });                    <\/script>                                        <div class=\"wd-clear\">                        <div id=\"wd-map2\" class=\"wd-row \" style=\" height:400px; width:100%\"><\/div>                    <\/div>                                                                <\/div>            <\/div>\t\t<\/div>\t\t<\/li>\n<\/ul>\n","protected":false},"excerpt":{"rendered":"<p>Datos de Contacto Tambi\u00e9n puede llamarnos o visitarnos en la siguiente direcci\u00f3n: Direcci\u00f3n :\u00a0 Ciudad de Guatemala Tel\u00e9fono: +502 5917-7994<\/p>\n","protected":false},"author":2,"featured_media":0,"parent":0,"menu_order":0,"comment_status":"closed","ping_status":"closed","template":"","meta":{"footnotes":""},"class_list":["post-101","page","type-page","status-publish","hentry"],"post_mailing_queue_ids":[],"_links":{"self":[{"href":"https:\/\/gremialdeseguridad.com.gt\/index.php?rest_route=\/wp\/v2\/pages\/101","targetHints":{"allow":["GET"]}}],"collection":[{"href":"https:\/\/gremialdeseguridad.com.gt\/index.php?rest_route=\/wp\/v2\/pages"}],"about":[{"href":"https:\/\/gremialdeseguridad.com.gt\/index.php?rest_route=\/wp\/v2\/types\/page"}],"author":[{"embeddable":true,"href":"https:\/\/gremialdeseguridad.com.gt\/index.php?rest_route=\/wp\/v2\/users\/2"}],"replies":[{"embeddable":true,"href":"https:\/\/gremialdeseguridad.com.gt\/index.php?rest_route=%2Fwp%2Fv2%2Fcomments&post=101"}],"version-history":[{"count":10,"href":"https:\/\/gremialdeseguridad.com.gt\/index.php?rest_route=\/wp\/v2\/pages\/101\/revisions"}],"predecessor-version":[{"id":2291,"href":"https:\/\/gremialdeseguridad.com.gt\/index.php?rest_route=\/wp\/v2\/pages\/101\/revisions\/2291"}],"wp:attachment":[{"href":"https:\/\/gremialdeseguridad.com.gt\/index.php?rest_route=%2Fwp%2Fv2%2Fmedia&parent=101"}],"curies":[{"name":"wp","href":"https:\/\/api.w.org\/{rel}","templated":true}]}}